3 - 7*z + 0 + 8 - n. What is p(-3)?
23
Let f(v) = 2*v**3 - v**2 + 3*v - 4. Let j(h) = -h**2 + 1. Suppose -2 = k - 3. Let x(b) = k*f(b) + 2*j(b). Calculate x(2).
8
Let u(h) = h**3 - 5*h**2 - h - 4. Suppose 431 = -2*k + 437. Determine u(k).
-25
Let k be 36/(-27) + (-4)/6. Let a be -1 + k + 1 - 4. Let b(w) = w + 4. Give b(a).
-2
Let z(u) be the third derivative of 0*u - 10*u**2 + 1/6*u**3 + 0 - 1/60*u**5 - 1/24*u**4. Give z(-2).
-1
Let p(q) = -q**2 - 7*q - 2. Let l = -11 + 11. Suppose r = -9 - l. Let y = 3 + r. Calculate p(y).
4
Let r(z) = z**2 - z + 1. Let d(p) = 9*p**2 - 6*p + 9. Let i(g) = d(g) - 4*r(g). Let m(v) = -11*v**2 + 4*v - 11. Let h(a) = 9*i(a) + 4*m(a). Give h(4).
9
Let o be 12/10*20/6. Let z = -266 - -268. Let m(n) = -n**2 + 0*n - n**3 + 5*n - o*n + z*n**3 + 2. Give m(0).
2
Let c(k) = 2*k**2 - 13*k + 5. Let s(v) = -80*v - 313. Let r be s(-4). What is c(r)?
12
Let j(o) = -2*o. Suppose 0 = -u - 5*k - 12, -4*u + 11*k + 27 = 6*k. Determine j(u).
-6
Suppose -2*z + 6 = -3*v - 5, 0 = 5*z + 2*v + 20. Let m(w) = 2*w + 1. Calculate m(z).
-3
Suppose -3*p - 48 = -4*i - 12, -p = 2*i - 28. Let w = i - 13. Let m(c) be the second derivative of -c**5/5 - c**4/6 - c**3/6 + 11*c. Calculate m(w).
3
Let v(b) = b**2 - 8*b + 4. Suppose 0 = 5*m + g + 16 - 61, 0 = 3*m - 5*g - 27. Give v(m).
13
Let z(m) = -12*m - 3 - m**2 + 18 - 17. Determine z(-11).
9
Suppose -3*g - 2*i = -6*i, g = i. Let v(s) be the first derivative of -s**2/2 + 2*s - 6. What is v(g)?
2
Let t(v) = -5*v**3 - 3*v**2 - 28*v + 22. Let i(p) = -2*p**3 - 9*p + 7. Let n(x) = 8*i(x) - 3*t(x). Give n(10).
10
Let v(h) = -3*h + 11. Let t(d) = -15*d - 140. Let n be t(-10). What is v(n)?
-19
Let t(a) = 5*a**3 + 3*a**2 + 7*a - 8. Let w(p) = -p**3 + p**2 - p - 1. Let c(m) = t(m) + 4*w(m). What is c(-6)?
6
Let x(d) = -d**2 + 8*d - 6. Let b = 18 + 10. Let j = b - 19. Suppose j*m - 10*m + 6 = 0. Determine x(m).
6
Let b = -875 - -882. Let v(w) = -12*w + 84. Give v(b).
0
Let x be (-34)/9 + 10/(-45). Let r(i) = 4*i**2 + 3*i + 6*i**3 + 10 + i**2 + 3*i**2. Let j(w) = w**3 + w**2 + w + 1. Let z(n) = 5*j(n) - r(n). What is z(x)?
3
Let i(x) = 2*x - 6 - 7*x + 3*x. Let t(s) = -137*s + 270. Let u be t(2). Calculate i(u).
2
Let s(t) be the second derivative of 5/6*t**3 - 4*t - 1/24*t**4 + 0 + 3/2*t**2. Let u(b) be the first derivative of s(b). Give u(0).
5
Suppose 4*k = i + 10, -4*i - k = -4*k + 92. Let x be (i/(-7) + 6/21)*-1. Let t(d) = d**3 + 4*d**2 - 2*d - 2. Calculate t(x).
6
Let k(w) = -2*w - 21. Suppose -7*q = 16*q + 184. Determine k(q).
-5
Let c be 1/(-3)*3 + -68. Let h = 66 + c. Let l(o) = o**2 + 3*o - 1. Calculate l(h).
-1
Let b(v) be the third derivative of v**7/840 + v**5/120 - v**4/8 - v**3/6 - 2*v**2. Let r(j) be the first derivative of b(j). Calculate r(0).
-3
Let p(w) = -2*w**2 - 9*w - 7. Let m be p(-7). Let z be 2/7 - (240/m - -4). Let f(c) = 4*c**2 - c - 2. Give f(z).
12
Let a(v) = 2*v + 13. Let h(z) = 6 + 5 - 19 + 10. Let b(p) = a(p) - 3*h(p). Calculate b(-6).
-5
Let o(h) = h - 5. Suppose 5*x - 2*q + 28 = -0*q, x = 3*q - 3. Give o(x).
-11
Let u(p) = 7*p - 8. Let r(a) = -3*a + 4. Let m(q) = -q**2 + 15*q + 14. Let x be m(16). Let c(d) = x*u(d) - 5*r(d). What is c(3)?
-1
Let c(o) = -8*o**3 + o**2. Let g(r) = r**3 - 23*r**2 + 21*r + 23. Let s be g(22). Calculate c(s).
-7
Suppose 4*h + 2*u = -3*u - 13, 4*u = 2*h. Let s(x) = 25*x**3 - 26*x**2 - x - 1. Let m(k) = 46*k**3 - 48*k**2 - 2*k - 2. Let a(n) = 6*m(n) - 11*s(n). Give a(h).
-15
Suppose 359*d - 24 = 371*d. Let c(q) be the first derivative of -2*q**2 - 2*q + 1. Give c(d).
6
Let r be (-76)/18 + 24/108. Let l be 3 + 4 - 2 - (r + 1). Let i(p) = -p**2 + 7*p + 8. What is i(l)?
0
Let m(q) = q - 6. Let y be m(0). Let g(k) = k - 43. Let s(i) = 10. Let u(j) = 2*g(j) + 9*s(j). Give u(y).
-8
Let j(o) = -3*o. Let i(r) = 1. Suppose 3*a - a - 6 = 0. Suppose -17 + 11 = a*v. Let k(d) = v*i(d) - j(d). Determine k(6).
16
Suppose -a - 8 = 3*a. Let t(r) = 2*r**2 + r - 3. Let m(c) be the third derivative of -c**5/60 + c**3/2 + 9*c**2. Let s(l) = -4*m(l) - 3*t(l). What is s(a)?
-5
Let t = 118 + -125. Let h(o) = -o**3 - 8*o**2 - 3*o + 5. Determine h(t).
-23
Let p(z) = z**2 + 37*z + 53*z + 34*z - 125*z. Let m(g) be the second derivative of -7*g**4/12 + g**3/2 - g**2/2 + g. Let c(y) = -m(y) - 3*p(y). Determine c(-1).
5
Let d(b) = 6*b - 2. Let w be d(1). Let l(y) = -w*y + 4*y - 4*y + 6*y**2 - 86*y**3 - 2 + 85*y**3. Give l(5).
3
Let d(i) = i + 13. Let u = -195 + 190. Give d(u).
8
Suppose -2*q - 4*f = 54, -q - 114 = 3*q + 2*f. Let c(o) = o**2 + 26*o - 82. What is c(q)?
5
Let a(b) = b**2 - 3*b + 1. Let j(f) = 3*f + 8. Let t be j(-3). Let x(s) = s. Let i be x(-3). Let q be i/6*t*4. What is a(q)?
-1
Let q(b) = -2*b + 11. Suppose 0 = -j + 3*j - 3*z - 19, 5*j = -z + 39. Determine q(j).
-5
Let p(b) = b**2 - 8*b + 10. Suppose 4*l - 102 = 3*z, -2 + 6 = 2*z. Suppose 5*k - 8 - l = 0. Give p(k).
3
Let f = -139 + 139. Let a = 4 + -1. Suppose 2*k - a - 1 = f. Let n(j) = -4*j + 3. Give n(k).
-5
Let m(a) = -2 + 2*a**2 - a**2 + 0 - 3*a**2 - 5*a + 0. Give m(-3).
-5
Let x(o) = -o**3 + o**2 + 2*o - 3. Let h be x(2). Let v(r) = 753*r - 13 - 755*r + 10. Calculate v(h).
3
Let i(j) = -8*j - 4. Let s(y) = 23*y + 13. Let k(b) = -11*i(b) - 4*s(b). What is k(-7)?
20
Suppose 4*g = 4*c + 10 + 18, 2*c = g - 12. Suppose 5*f = 4*m - 32, -5*m - 1 = -g*f - 24. Let y(d) = -d**3 + 3*d**2 - d - 2. Give y(m).
-5
Suppose -2*d - 8 = -3*u + 2*d, u - d = 2. Suppose -6*f + 11*f - 15 = u. Let p(r) = r**2 - r + 2. Determine p(f).
8
Let n(k) = -k**3 + 7*k**2 - 4*k - 8. Let v(d) = -4*d**3 + 5*d**2 - 11*d + 11. Let b be v(3). Let h = 91 + b. What is n(h)?
4
Let s(t) = t**2 + 3*t - 5. Let l(i) = -i**2 - 3*i + 4. Let u(f) = 5*l(f) + 4*s(f). Suppose -3*b - 2*k - 11 = 8, 15 = -3*k. Calculate u(b).
0
Let b(r) be the first derivative of -r**5/10 - r**3/3 + r**2 + r + 19. Let c(n) be the first derivative of b(n). Calculate c(2).
-18
Suppose 4 = 2*x + 4*b, 3*x = b + 2*b + 6. Let h(k) = -49 + k**3 + 47 + k + 3*k**x + k. What is h(-2)?
-2
Let h(u) be the second derivative of -u**4/12 + u**3 + u**2 - 151*u. Suppose w - 3*q = -6*q + 9, 0 = -w + 5*q + 1. Calculate h(w).
2
Let f(o) = 6*o - 26 + 11 + o - 4. Calculate f(9).
44
Let q(v) = -13 - v + 23 + 11. Give q(16).
5
Let m(o) = 2*o + 2. Let q be m(-3). Let b(i) = -3*i**2 - 13*i. Let n be b(q). Let x(h) = -h**2 + 4*h - 3. Give x(n).
-3
Suppose 4*o + 22 + 2 = 0. Let h = -63 - -74. Let q(u) = 2*u**2 - 2 + h*u + 2*u - 5*u - 4. Calculate q(o).
18
Let s = 1 - 4. Let y(p) be the third derivative of -p**4/24 - p**3/6 + 376*p**2. Give y(s).
2
Let z(i) = -4*i. Let c(o) = 11*o - 253. Let j be c(23). Calculate z(j).
0
Let r be 46/11 + 2/(-11). Let z(p) = -7*p + 6*p + 2 - r*p. Calculate z(4).
-18
Let f(m) = m + 2. Let v = -21 - -24. Let s be ((-3)/(-6))/(v/(-54)). Let k be f(s). Let w(r) = r + 5. Calculate w(k).
-2
Let d(f) = f**2 - 11*f - 9. Let g = -127 - -138. Give d(g).
-9
Let n(c) = 4*c + 3*c + 3*c + 2*c - 11*c. Give n(-8).
-8
Let f(l) be the second derivative of -l**5/20 - l**4/4 + l**3/3 + 3*l**2/2 + l. Suppose -5*p = -4*p, 0 = 2*z + 4*p + 6. What is f(z)?
-3
Suppose -100 = -5*u - 5*n - 0*n, -5*n = u - 28. Let p = -16 + 39. Let v = p - u. Let b(z) = -2*z + 7. What is b(v)?
-3
Let h(a) be the first derivative of -a**4/4 + 10*a**3/3 - 3*a**2 + 10*a - 419. Determine h(9).
37
Let a(h) = 4*h**2 - 158*h - 39. Let c(t) = -t**2 + 41*t + 10. Let o(x) = 6*a(x) + 23*c(x). Give o(8).
20
Let y be (53 - 52) + (-5)/(-1). Let c(n) = -n**2 + 3*n + 10. Determine c(y).
-8
Let q be 36 - 3 - (-4 - 0). Let a = q + -35. Let x(h) = h**3 - 4*h**2 + 3*h - 1. What is x(a)?
-3
Let z(x) be the first derivative of x**5/120 + 5*x**4/24 - x**3/3 - 1. Let l(c) be the third derivative of z(c). Let n = 841 + -847. Give l(n).
-1
Let a(k) be the first derivative of k**2 + 17*k - 9. Let o be a(-5). Let x(f) = -f**2 + 6*f + 8. Calculate x(o).
1
Let m = 5 - 5. Suppose 5*r - 2 = 4*y, 2*y - r - 4*r - 4 = m. Let n(j) = -j**2 - j. Determine n(y).
-6
Suppose -2*x = 3*s - 27, -4*x - 12*s = -8*s - 44. Let i(r) = 2*r**2 - 8*r - 2. Determine i(x).
22
Let a(f) = -5*f**3 + 2*f**2 - 3*f - 3. Let j be a(-2). Let v(s) = s**2 - 2*s**2 - j + 45 + 7*s. Determine v(5).
4
Let m(q) = -9*q**3 - q**2. Suppose -14 = 3*y - 11. Let o be 3*((-2)/6 - y). Le